the units digit of d(j)?
8
Suppose -12 = -6*r + 4*r. Suppose 95 + 235 = r*i. What is the units digit of i?
5
Let a = -547 + 779. What is the units digit of a?
2
Suppose 4*r - 3*z - 5 = 0, -2*r + 0*r = -5*z - 13. Let l = 11 + r. Suppose 5*u - 2*u - 2*i - 30 = 0, 0 = -u - 4*i + l. What is the tens digit of u?
1
Suppose 2*m - 10*g + 8*g - 3730 = 0, -5595 = -3*m - g. What is the hundreds digit of m?
8
Suppose 4*p - 3299 - 12161 = 0. What is the hundreds digit of p?
8
Let u(o) = -165*o - 1. Let j be u(-1). What is the units digit of (-1)/(-4 + 654/j)?
2
Let l be -3 - ((-5)/1)/((-9)/387). Let j = 352 + l. What is the units digit of j?
4
Let k = 36 + -32. What is the units digit of (-3)/(k + 365/(-90))?
4
Let i = -22 + 19. Let z(r) = -r**2 - 11*r - 4. What is the units digit of z(i)?
0
Suppose 3*p = 4*s - 4, p + 4*s - 4 = -2*p. Let k be 2*(1 - p/3). Suppose k*w - 19 = -5*z, 2*z - 11 + 0 = -w. What is the tens digit of w?
1
Let x(m) = m**3 - 10*m**2 + 9*m + 1. What is the tens digit of x(11)?
2
Suppose -21*k = -162 - 5613. What is the units digit of k?
5
Let r = -831 + 1364. Suppose r = 8*j - 531. What is the units digit of j?
3
Let k be (-6)/15*(-31 + 1). Suppose 2083 = k*y - 77. What is the units digit of y?
0
Let r(i) = 2*i**2 - 17*i + 13. Let b(t) = -t**3 - 6*t**2 - 8*t - 7. Let n be b(-5). What is the units digit of r(n)?
5
Let r(o) = 44*o - 163. What is the units digit of r(19)?
3
Let o(k) = -k + 11*k - 15 + 0*k. What is the tens digit of o(10)?
8
Let b = -8 - -8. Suppose g - 5*g + 20 = b, g + 47 = 4*k. What is the units digit of k?
3
Let l(q) = q - 7. Suppose -3*p + 2*p + 5 = 0. Let x be l(p). What is the units digit of (0 - -9)*x/(-2)?
9
Suppose -658 = -2*a + 1324. What is the tens digit of a?
9
Suppose -z + 2*z + 11786 = 4*k, 0 = 5*k - 2*z - 14734. What is the thousands digit of k?
2
Let l = -21 - -25. Let w = 88 - l. What is the tens digit of w?
8
Suppose 5 - 239 = 3*f - 2*c, 4*c - 312 = 4*f. Let v = -26 - f. What is the units digit of v?
2
Let c(s) = s**2 + 3*s + 5. Let k be c(-6). Suppose 0 = m - 0 + k. Let z = m - -29. What is the units digit of z?
6
Suppose 3*i - y = -0*i - 5, 2*i + 4*y = 20. Suppose i = 5*p, 2*p = 2*u - 2*p - 108. What is the tens digit of u?
5
Let v be 42/(-70)*(-4 - 1). Suppose -v*c + 7 = -2. What is the tens digit of ((-7)/(-3) - c)*-84?
5
Let d = 13 - 10. Suppose s + 0 = d. Suppose -5*u - 3*z = -235, -s*u - 3 = -4*z - 115. What is the tens digit of u?
4
Let w = 0 - -5. Suppose 2*m + 843 = w*q, m - 342 = -2*q - 3*m. What is the tens digit of q?
6
Suppose n + q + 2 = 0, n - 2*q - 6 = -23. Let f = 9 + n. What is the units digit of f?
2
Suppose 5*x = 4*j - 116, -2*j - 3*x - 87 = -5*j. Suppose -j = 2*i - 139. Suppose -3 = 3*m, 3*b + 7*m - i = 2*m. What is the tens digit of b?
2
Let q(c) = c**3 + 5*c**2 - 8*c + 1. Let d be q(-6). Suppose 6 = 2*y, 0 = -3*b - 5*y + 8 + d. Suppose -2 = u, 3*r = 2*u + 32 + b. What is the tens digit of r?
1
Let i(d) = d**3 - d**2 - 3*d - 4. Let m(s) = s**3 + 9*s**2 + 19*s + 13. Let q be m(-6). What is the units digit of i(q)?
9
Let s = -97 + 166. Let y = 111 - s. What is the tens digit of y?
4
Let v = -3 + 7. Let t be 1/v + (-70)/(-40). Suppose 4*a - 246 = -t*a. What is the tens digit of a?
4
Let y(w) = -28*w - 213. What is the units digit of y(-8)?
1
Suppose 4 = 6*k + 16. What is the units digit of (7/(-14))/(k/316)?
9
What is the tens digit of -4192*(8 - 102/12)?
9
Suppose -7*j = -2*j - 20. Suppose -5*q - 168 = j*g, 0*q = 2*q. Let t = -30 - g. What is the tens digit of t?
1
Suppose -p - 4*y = -335 - 459, -2*y - 2452 = -3*p. Suppose -8*b = -p - 546. What is the tens digit of b?
7
Let v(y) = 74*y + 358. What is the hundreds digit of v(9)?
0
Let h(k) be the second derivative of k**5/20 + 5*k**4/12 - k**3 - 3*k**2 - 5*k. What is the units digit of h(-5)?
4
Let a = -54 - -33. Let q be (-21)/2*36/a. Let w = 14 + q. What is the units digit of w?
2
Suppose 26*u + 57834 = 53*u. What is the units digit of u?
2
Let p = -107 - -167. Let t = 102 - p. What is the units digit of t?
2
Let c(l) = l**3 + 21*l**2 - 47*l - 26. What is the hundreds digit of c(-21)?
9
Suppose -t = 2*q - 2329, -4*t = -3*q - 10358 + 998. What is the hundreds digit of t?
3
Suppose -g + 5*t = t - 1, -4*t - 19 = -3*g. Let x(b) = -21*b - 4. Let j(m) = -11*m - 2. Let d(c) = 11*j(c) - 6*x(c). What is the units digit of d(g)?
7
Suppose -5*h - 5 = -2*k + 4, -3*k = -5*h - 26. Suppose -2*b + 197 = k. What is the tens digit of b?
9
Let b(g) = -g**3 + 9*g**2 - 9*g + 11. Let a be b(8). Suppose 4*j + 29 = a*k - 63, 3*k + j - 112 = 0. What is the units digit of k?
6
Suppose 0 = -3*o - 5*n + 2652, 0 = 5*o - 0*o + n - 4398. What is the units digit of o?
9
Suppose -34*n + 33086 + 8394 = 0. What is the thousands digit of n?
1
Suppose s + s + 6 = 4*b, 0 = -3*b - 3*s + 9. Let x be (-2592)/(-22) - b/(-11). Suppose 5*u - w = x, 3*u - u - 52 = -2*w. What is the tens digit of u?
2
Suppose -6*r + r + 54 = -2*o, -5*o + 15 = 0. Suppose 0 = 6*v - 7*v - r. Let l = 61 + v. What is the units digit of l?
9
Suppose 0 = 3*s - 14*a + 16*a - 1509, 0 = -4*s + a + 2023. What is the hundreds digit of s?
5
Suppose -i + 4*b + 49 = 0, 14 = 4*i - b - 137. What is the tens digit of i?
3
Suppose -284 = -3*m + 568. What is the tens digit of -5*(3 + m/(-20))?
5
Let w be -2 + 2 + (1 - 2). Let v be w/(-3) - (-10)/(-3). What is the tens digit of -2*(-7)/(-2)*v?
2
Suppose 5*p - 27 = -4*d, 2*d - p - 4*p = 51. Suppose 257 = -3*y + 5*b, b - 173 = 2*y - 4*b. What is the units digit of (d + y)/(-1*1)?
1
Suppose s - 174 = 864. What is the units digit of s?
8
Let d(i) = -3*i**3 - i**2 - i. Let w be d(-1). Let n be ((-13)/26)/((2*1)/(-80)). What is the tens digit of (w - (3 + -1)) + n?
2
What is the units digit of -1*394*(-17)/((-204)/(-36))?
2
Let i = 1257 - 542. What is the tens digit of i?
1
Suppose 0 = c + 2*c. Suppose -3*l - 2*p + 4 - 20 = c, -3*l - 3*p - 18 = 0. What is the tens digit of 39 + (2 - -2) + l?
3
Suppose o + 6*o = -126. Let l be o/(-10) + 9/45. Let a(i) = 2*i**3 - i**2 + 3*i - 1. What is the tens digit of a(l)?
1
Suppose 4*n + 3*y - 4 = 0, -2*n - 3*n - 3*y = -5. Let q(g) be the third derivative of 5*g**4/6 - g**3/3 - g**2. What is the tens digit of q(n)?
1
Let l be 16/6*(-942)/(-4). Let p be l/10 + 13/65. Suppose p = 2*u - 13. What is the units digit of u?
8
Suppose 0 = 3*w + 2*w + 3*g - 657, -4*g = -4*w + 532. What is the tens digit of w?
3
Let z(i) = -48*i + 106. What is the tens digit of z(-14)?
7
Let a(y) = 9*y + 5. Let g be 4/(4/3)*1. Suppose -3 = -g*f + 2*f. What is the tens digit of a(f)?
3
Suppose 0 + 40 = 8*d. Suppose 3*j + 16 - 439 = -d*f, 5*j = -2*f + 154. Let c = -27 + f. What is the tens digit of c?
6
Let x(s) = s**3 + 7*s**2. Let o be x(-7). Suppose o*d - d = -14. What is the tens digit of d?
1
What is the units digit of (-58)/((-1)/(-4) - (-20)/(-16))?
8
Let f(q) = -31*q**2 - 17*q - 9. Let z(k) = -17*k**2 - 9*k - 5. Let l(w) = 6*f(w) - 11*z(w). Let d = 12 + -3. What is the units digit of l(d)?
5
Let c(o) = -5*o**2 - 13*o - 12. Let p be c(-5). Let t = -40 - p. What is the units digit of t?
2
What is the hundreds digit of (-3248)/6*(-180)/40?
4
Suppose -6*k + k - 29 = 4*j, 2*k = -4*j - 26. Suppose 0 = v + 2*v - 48. Let s = v - j. What is the units digit of s?
2
Suppose -3*a + a + 2*z = -10, 13 = 4*a + 3*z. Suppose 5*t - 4*i + 264 = -5*i, a*t = -3*i - 220. Let d = t - -95. What is the tens digit of d?
4
Let u(o) = -2*o + 2. Let d be u(5). Let m = d + 11. Suppose m*x - 21 = -0*x. What is the units digit of x?
7
Let s(d) = d**3 + 4*d**2 + 3*d + 2. Let y be s(-3). Suppose -4*g + y*g + 68 = 0. Suppose -g - 74 = -4*l. What is the units digit of l?
7
Suppose 2*t - 2291 = 55. What is the tens digit of t?
7
Suppose -5*w = -4 - 6. Suppose -u - 1 = w*m, 5*u + 5*m - 8 = u. Suppose 3*g = u*g - 72. What is the units digit of g?
8
Let g(r) = r**2 + 15. Suppose 0 = -0*v + 5*v + 210. Let m be (2/3)/((-4)/v). What is the units digit of g(m)?
4
Let b be 5*(-12)/210 + (-4734)/(-7). Let l = -481 + b. What is the units digit of l?
5
Suppose -i + 0*i + d - 1 = 0, 0 = -5*i + 2*d - 8. Let h = i + -5. What is the tens digit of (-371)/h + (1 - -1)?
5
Let x(p) = 90*p**3 + p**2 + 2*p - 2. Let h be (12/(-3))/((-8)/6) + -2. What is the units digit of x(h)?
1
What is the units digit of 